{"id":26,"date":"2019-07-05T18:55:50","date_gmt":"2019-07-05T18:55:50","guid":{"rendered":"http:\/\/hausarztzentrum-holtenser-berg.de\/?page_id=26"},"modified":"2019-08-24T10:48:18","modified_gmt":"2019-08-24T10:48:18","slug":"anfahrt","status":"publish","type":"page","link":"https:\/\/hausarztzentrum-holtenser-berg.de\/?page_id=26","title":{"rendered":"Anfahrt"},"content":{"rendered":"\n<p><strong>Kontakt:<\/strong><\/p>\n\n\n\n<p>Telefon: &nbsp;0551 &#8211; 62274<\/p>\n\n\n\n<p>Rezepttelefon: 0551- 62270<\/p>\n\n\n\n<p>Fax: 0551 &#8211; 61825<\/p>\n\n\n\n<p>Email: info@hausarztzenrum-holtenser-berg.de<\/p>\n\n\n\n<p>homepage: www.hausarztzentrum-holtenser-berg.de<\/p>\n\n\n\n<p><strong>Anfahrt:<\/strong><\/p>\n\n\n\n<div class=\"wp-block-image\"><figure class=\"alignleft\"><img data-recalc-dims=\"1\" decoding=\"async\" src=\"https:\/\/i0.wp.com\/wordpress.hausarzt-doktor-fischer.de\/wp-content\/uploads\/2016\/11\/Anfahrt.jpg?w=750\" alt=\"anfahrt\" class=\"wp-image-75\"\/><\/figure><\/div>\n\n\n\n<p>Sie erreichen uns mit dem&nbsp;<strong>Auto<\/strong> \u00fcber die Holtenser Landstra\u00dfe, die Europaallee, passieren die Br\u00fccke \u00fcber die B27 und biegen dann rechts in die Genfstr. ein. Dort finden Sie die Ladenpassage mit Einkaufsm\u00f6glichkeiten, worin sich auch unsere Praxis befindet (Genfstr. 17a). Sie finden an der Strasse ausreichend Parkpl\u00e4tze vor.<\/p>\n\n\n\n<p>Unsere Praxis ist im Erdgeschoss. Es muss eine Stufe \u00fcberwunden werden.&nbsp;<strong>Gehbehinderte<\/strong> k\u00f6nnen direkt bis an die Hintert\u00fcr gefahren werden. Auch befindet sich aber eine Stufe. Wir helfen Ihnen gerne bei Schwierigkeiten.<\/p>\n\n\n\n<p>Mit dem&nbsp;<strong>Bus<\/strong> erreichen Sie Praxis mit den Linien 1 und 18..<\/p>\n","protected":false},"excerpt":{"rendered":"<p>Kontakt: Telefon: &nbsp;0551 &#8211; 62274 Rezepttelefon: 0551- 62270 Fax: 0551 &#8211; 61825 Email: info@hausarztzenrum-holtenser-berg.de homepage: www.hausarztzentrum-holtenser-berg.de Anfahrt: Sie erreichen uns mit dem&nbsp;Auto \u00fcber die Holtenser Landstra\u00dfe, die Europaallee, passieren die Br\u00fccke \u00fcber die B27 und biegen dann rechts in die Genfstr. ein. Dort finden Sie die Ladenpassage mit Einkaufsm\u00f6glichkeiten, worin [&hellip;]<\/p>\n","protected":false},"author":1,"featured_media":0,"parent":0,"menu_order":0,"comment_status":"closed","ping_status":"closed","template":"","meta":{"footnotes":""},"class_list":["post-26","page","type-page","status-publish","hentry"],"yoast_head":"<!-- This site is optimized with the Yoast SEO plugin v27.4 - https:\/\/yoast.com\/product\/yoast-seo-wordpress\/ -->\n<title>Anfahrt - Hausarzt-Zentrum Holtenser Berg<\/title>\n<meta name=\"robots\" content=\"index, follow, max-snippet:-1, max-image-preview:large, max-video-preview:-1\" \/>\n<link rel=\"canonical\" href=\"https:\/\/hausarztzentrum-holtenser-berg.de\/?page_id=26\" \/>\n<meta property=\"og:locale\" content=\"de_DE\" \/>\n<meta property=\"og:type\" content=\"article\" \/>\n<meta property=\"og:title\" content=\"Anfahrt - Hausarzt-Zentrum Holtenser Berg\" \/>\n<meta property=\"og:description\" content=\"Kontakt: Telefon: &nbsp;0551 &#8211; 62274 Rezepttelefon: 0551- 62270 Fax: 0551 &#8211; 61825 Email: info@hausarztzenrum-holtenser-berg.de homepage: www.hausarztzentrum-holtenser-berg.de Anfahrt: Sie erreichen uns mit dem&nbsp;Auto \u00fcber die Holtenser Landstra\u00dfe, die Europaallee, passieren die Br\u00fccke \u00fcber die B27 und biegen dann rechts in die Genfstr. ein. Dort finden Sie die Ladenpassage mit Einkaufsm\u00f6glichkeiten, worin [&hellip;]\" \/>\n<meta property=\"og:url\" content=\"https:\/\/hausarztzentrum-holtenser-berg.de\/?page_id=26\" \/>\n<meta property=\"og:site_name\" content=\"Hausarzt-Zentrum Holtenser Berg\" \/>\n<meta property=\"article:modified_time\" content=\"2019-08-24T10:48:18+00:00\" \/>\n<meta property=\"og:image\" content=\"http:\/\/wordpress.hausarzt-doktor-fischer.de\/wp-content\/uploads\/2016\/11\/Anfahrt.jpg\" \/>\n<meta name=\"twitter:card\" content=\"summary_large_image\" \/>\n<meta name=\"twitter:label1\" content=\"Gesch\u00e4tzte Lesezeit\" \/>\n\t<meta name=\"twitter:data1\" content=\"1\u00a0Minute\" \/>\n<script type=\"application\/ld+json\" class=\"yoast-schema-graph\">{\"@context\":\"https:\\\/\\\/schema.org\",\"@graph\":[{\"@type\":\"WebPage\",\"@id\":\"https:\\\/\\\/hausarztzentrum-holtenser-berg.de\\\/?page_id=26\",\"url\":\"https:\\\/\\\/hausarztzentrum-holtenser-berg.de\\\/?page_id=26\",\"name\":\"Anfahrt - Hausarzt-Zentrum Holtenser Berg\",\"isPartOf\":{\"@id\":\"https:\\\/\\\/hausarztzentrum-holtenser-berg.de\\\/#website\"},\"primaryImageOfPage\":{\"@id\":\"https:\\\/\\\/hausarztzentrum-holtenser-berg.de\\\/?page_id=26#primaryimage\"},\"image\":{\"@id\":\"https:\\\/\\\/hausarztzentrum-holtenser-berg.de\\\/?page_id=26#primaryimage\"},\"thumbnailUrl\":\"http:\\\/\\\/wordpress.hausarzt-doktor-fischer.de\\\/wp-content\\\/uploads\\\/2016\\\/11\\\/Anfahrt.jpg\",\"datePublished\":\"2019-07-05T18:55:50+00:00\",\"dateModified\":\"2019-08-24T10:48:18+00:00\",\"breadcrumb\":{\"@id\":\"https:\\\/\\\/hausarztzentrum-holtenser-berg.de\\\/?page_id=26#breadcrumb\"},\"inLanguage\":\"de\",\"potentialAction\":[{\"@type\":\"ReadAction\",\"target\":[\"https:\\\/\\\/hausarztzentrum-holtenser-berg.de\\\/?page_id=26\"]}]},{\"@type\":\"ImageObject\",\"inLanguage\":\"de\",\"@id\":\"https:\\\/\\\/hausarztzentrum-holtenser-berg.de\\\/?page_id=26#primaryimage\",\"url\":\"http:\\\/\\\/wordpress.hausarzt-doktor-fischer.de\\\/wp-content\\\/uploads\\\/2016\\\/11\\\/Anfahrt.jpg\",\"contentUrl\":\"http:\\\/\\\/wordpress.hausarzt-doktor-fischer.de\\\/wp-content\\\/uploads\\\/2016\\\/11\\\/Anfahrt.jpg\"},{\"@type\":\"BreadcrumbList\",\"@id\":\"https:\\\/\\\/hausarztzentrum-holtenser-berg.de\\\/?page_id=26#breadcrumb\",\"itemListElement\":[{\"@type\":\"ListItem\",\"position\":1,\"name\":\"Startseite\",\"item\":\"https:\\\/\\\/hausarztzentrum-holtenser-berg.de\\\/?page_id=343\"},{\"@type\":\"ListItem\",\"position\":2,\"name\":\"Anfahrt\"}]},{\"@type\":\"WebSite\",\"@id\":\"https:\\\/\\\/hausarztzentrum-holtenser-berg.de\\\/#website\",\"url\":\"https:\\\/\\\/hausarztzentrum-holtenser-berg.de\\\/\",\"name\":\"Hausarzt-Zentrum Holtenser Berg\",\"description\":\"Ihre Haus\u00e4rzte f\u00fcr die ganze Familie\",\"publisher\":{\"@id\":\"https:\\\/\\\/hausarztzentrum-holtenser-berg.de\\\/#organization\"},\"potentialAction\":[{\"@type\":\"SearchAction\",\"target\":{\"@type\":\"EntryPoint\",\"urlTemplate\":\"https:\\\/\\\/hausarztzentrum-holtenser-berg.de\\\/?s={search_term_string}\"},\"query-input\":{\"@type\":\"PropertyValueSpecification\",\"valueRequired\":true,\"valueName\":\"search_term_string\"}}],\"inLanguage\":\"de\"},{\"@type\":\"Organization\",\"@id\":\"https:\\\/\\\/hausarztzentrum-holtenser-berg.de\\\/#organization\",\"name\":\"Hausarztpraxis Holtenser Berg\",\"url\":\"https:\\\/\\\/hausarztzentrum-holtenser-berg.de\\\/\",\"logo\":{\"@type\":\"ImageObject\",\"inLanguage\":\"de\",\"@id\":\"https:\\\/\\\/hausarztzentrum-holtenser-berg.de\\\/#\\\/schema\\\/logo\\\/image\\\/\",\"url\":\"https:\\\/\\\/i0.wp.com\\\/hausarztzentrum-holtenser-berg.de\\\/wp-content\\\/uploads\\\/2019\\\/07\\\/cropped-Logo_Fischer_1c_ohneText-2.png?fit=2369%2C1005&ssl=1\",\"contentUrl\":\"https:\\\/\\\/i0.wp.com\\\/hausarztzentrum-holtenser-berg.de\\\/wp-content\\\/uploads\\\/2019\\\/07\\\/cropped-Logo_Fischer_1c_ohneText-2.png?fit=2369%2C1005&ssl=1\",\"width\":2369,\"height\":1005,\"caption\":\"Hausarztpraxis Holtenser Berg\"},\"image\":{\"@id\":\"https:\\\/\\\/hausarztzentrum-holtenser-berg.de\\\/#\\\/schema\\\/logo\\\/image\\\/\"}}]}<\/script>\n<!-- \/ Yoast SEO plugin. -->","yoast_head_json":{"title":"Anfahrt - Hausarzt-Zentrum Holtenser Berg","robots":{"index":"index","follow":"follow","max-snippet":"max-snippet:-1","max-image-preview":"max-image-preview:large","max-video-preview":"max-video-preview:-1"},"canonical":"https:\/\/hausarztzentrum-holtenser-berg.de\/?page_id=26","og_locale":"de_DE","og_type":"article","og_title":"Anfahrt - Hausarzt-Zentrum Holtenser Berg","og_description":"Kontakt: Telefon: &nbsp;0551 &#8211; 62274 Rezepttelefon: 0551- 62270 Fax: 0551 &#8211; 61825 Email: info@hausarztzenrum-holtenser-berg.de homepage: www.hausarztzentrum-holtenser-berg.de Anfahrt: Sie erreichen uns mit dem&nbsp;Auto \u00fcber die Holtenser Landstra\u00dfe, die Europaallee, passieren die Br\u00fccke \u00fcber die B27 und biegen dann rechts in die Genfstr. ein. Dort finden Sie die Ladenpassage mit Einkaufsm\u00f6glichkeiten, worin [&hellip;]","og_url":"https:\/\/hausarztzentrum-holtenser-berg.de\/?page_id=26","og_site_name":"Hausarzt-Zentrum Holtenser Berg","article_modified_time":"2019-08-24T10:48:18+00:00","og_image":[{"url":"http:\/\/wordpress.hausarzt-doktor-fischer.de\/wp-content\/uploads\/2016\/11\/Anfahrt.jpg","type":"","width":"","height":""}],"twitter_card":"summary_large_image","twitter_misc":{"Gesch\u00e4tzte Lesezeit":"1\u00a0Minute"},"schema":{"@context":"https:\/\/schema.org","@graph":[{"@type":"WebPage","@id":"https:\/\/hausarztzentrum-holtenser-berg.de\/?page_id=26","url":"https:\/\/hausarztzentrum-holtenser-berg.de\/?page_id=26","name":"Anfahrt - Hausarzt-Zentrum Holtenser Berg","isPartOf":{"@id":"https:\/\/hausarztzentrum-holtenser-berg.de\/#website"},"primaryImageOfPage":{"@id":"https:\/\/hausarztzentrum-holtenser-berg.de\/?page_id=26#primaryimage"},"image":{"@id":"https:\/\/hausarztzentrum-holtenser-berg.de\/?page_id=26#primaryimage"},"thumbnailUrl":"http:\/\/wordpress.hausarzt-doktor-fischer.de\/wp-content\/uploads\/2016\/11\/Anfahrt.jpg","datePublished":"2019-07-05T18:55:50+00:00","dateModified":"2019-08-24T10:48:18+00:00","breadcrumb":{"@id":"https:\/\/hausarztzentrum-holtenser-berg.de\/?page_id=26#breadcrumb"},"inLanguage":"de","potentialAction":[{"@type":"ReadAction","target":["https:\/\/hausarztzentrum-holtenser-berg.de\/?page_id=26"]}]},{"@type":"ImageObject","inLanguage":"de","@id":"https:\/\/hausarztzentrum-holtenser-berg.de\/?page_id=26#primaryimage","url":"http:\/\/wordpress.hausarzt-doktor-fischer.de\/wp-content\/uploads\/2016\/11\/Anfahrt.jpg","contentUrl":"http:\/\/wordpress.hausarzt-doktor-fischer.de\/wp-content\/uploads\/2016\/11\/Anfahrt.jpg"},{"@type":"BreadcrumbList","@id":"https:\/\/hausarztzentrum-holtenser-berg.de\/?page_id=26#breadcrumb","itemListElement":[{"@type":"ListItem","position":1,"name":"Startseite","item":"https:\/\/hausarztzentrum-holtenser-berg.de\/?page_id=343"},{"@type":"ListItem","position":2,"name":"Anfahrt"}]},{"@type":"WebSite","@id":"https:\/\/hausarztzentrum-holtenser-berg.de\/#website","url":"https:\/\/hausarztzentrum-holtenser-berg.de\/","name":"Hausarzt-Zentrum Holtenser Berg","description":"Ihre Haus\u00e4rzte f\u00fcr die ganze Familie","publisher":{"@id":"https:\/\/hausarztzentrum-holtenser-berg.de\/#organization"},"potentialAction":[{"@type":"SearchAction","target":{"@type":"EntryPoint","urlTemplate":"https:\/\/hausarztzentrum-holtenser-berg.de\/?s={search_term_string}"},"query-input":{"@type":"PropertyValueSpecification","valueRequired":true,"valueName":"search_term_string"}}],"inLanguage":"de"},{"@type":"Organization","@id":"https:\/\/hausarztzentrum-holtenser-berg.de\/#organization","name":"Hausarztpraxis Holtenser Berg","url":"https:\/\/hausarztzentrum-holtenser-berg.de\/","logo":{"@type":"ImageObject","inLanguage":"de","@id":"https:\/\/hausarztzentrum-holtenser-berg.de\/#\/schema\/logo\/image\/","url":"https:\/\/i0.wp.com\/hausarztzentrum-holtenser-berg.de\/wp-content\/uploads\/2019\/07\/cropped-Logo_Fischer_1c_ohneText-2.png?fit=2369%2C1005&ssl=1","contentUrl":"https:\/\/i0.wp.com\/hausarztzentrum-holtenser-berg.de\/wp-content\/uploads\/2019\/07\/cropped-Logo_Fischer_1c_ohneText-2.png?fit=2369%2C1005&ssl=1","width":2369,"height":1005,"caption":"Hausarztpraxis Holtenser Berg"},"image":{"@id":"https:\/\/hausarztzentrum-holtenser-berg.de\/#\/schema\/logo\/image\/"}}]}},"jetpack_sharing_enabled":true,"_links":{"self":[{"href":"https:\/\/hausarztzentrum-holtenser-berg.de\/index.php?rest_route=\/wp\/v2\/pages\/26","targetHints":{"allow":["GET"]}}],"collection":[{"href":"https:\/\/hausarztzentrum-holtenser-berg.de\/index.php?rest_route=\/wp\/v2\/pages"}],"about":[{"href":"https:\/\/hausarztzentrum-holtenser-berg.de\/index.php?rest_route=\/wp\/v2\/types\/page"}],"author":[{"embeddable":true,"href":"https:\/\/hausarztzentrum-holtenser-berg.de\/index.php?rest_route=\/wp\/v2\/users\/1"}],"replies":[{"embeddable":true,"href":"https:\/\/hausarztzentrum-holtenser-berg.de\/index.php?rest_route=%2Fwp%2Fv2%2Fcomments&post=26"}],"version-history":[{"count":6,"href":"https:\/\/hausarztzentrum-holtenser-berg.de\/index.php?rest_route=\/wp\/v2\/pages\/26\/revisions"}],"predecessor-version":[{"id":82,"href":"https:\/\/hausarztzentrum-holtenser-berg.de\/index.php?rest_route=\/wp\/v2\/pages\/26\/revisions\/82"}],"wp:attachment":[{"href":"https:\/\/hausarztzentrum-holtenser-berg.de\/index.php?rest_route=%2Fwp%2Fv2%2Fmedia&parent=26"}],"curies":[{"name":"wp","href":"https:\/\/api.w.org\/{rel}","templated":true}]}}